{"id":101,"date":"2018-04-29T23:19:44","date_gmt":"2018-04-29T21:19:44","guid":{"rendered":"http:\/\/obigies.be\/?page_id=101"},"modified":"2023-07-14T22:46:24","modified_gmt":"2023-07-14T20:46:24","slug":"u15","status":"publish","type":"page","link":"https:\/\/obigies.be\/index.php\/nos-equipes\/u15\/","title":{"rendered":"U16"},"content":{"rendered":"<p>U16 (n\u00e9 en 2008)<\/p>\n<p>Entra\u00eeneurs :<br \/>\n<a href=\"https:\/\/obigies.be\/index.php\/staff\/gregory-baber\/\">Gr\u00e9gory Baber<\/a> 0479\/57.89.58 &#8211; <a href=\"mailto:gregba22@hotmail.com\">gregba22@hotmail.com<\/a><\/p>\n<p>Calendrier, r\u00e9sultats et classement : cliquez <a href=\"https:\/\/www.rbfa.be\/fr\/club\/2020\/equipe\/296136\/apercu\" target=\"_blank\" rel=\"noopener noreferrer\">ICI<\/a><\/p>\n","protected":false},"excerpt":{"rendered":"<p>U16 (n\u00e9 en 2008) Entra\u00eeneurs : Gr\u00e9gory Baber 0479\/57.89.58 &#8211; gregba22@hotmail.com Calendrier, r\u00e9sultats et classement : cliquez ICI<\/p>\n","protected":false},"author":1,"featured_media":0,"parent":61,"menu_order":0,"comment_status":"closed","ping_status":"closed","template":"page-templates\/full-width.php","meta":{"footnotes":""},"_links":{"self":[{"href":"https:\/\/obigies.be\/index.php\/wp-json\/wp\/v2\/pages\/101"}],"collection":[{"href":"https:\/\/obigies.be\/index.php\/wp-json\/wp\/v2\/pages"}],"about":[{"href":"https:\/\/obigies.be\/index.php\/wp-json\/wp\/v2\/types\/page"}],"author":[{"embeddable":true,"href":"https:\/\/obigies.be\/index.php\/wp-json\/wp\/v2\/users\/1"}],"replies":[{"embeddable":true,"href":"https:\/\/obigies.be\/index.php\/wp-json\/wp\/v2\/comments?post=101"}],"version-history":[{"count":19,"href":"https:\/\/obigies.be\/index.php\/wp-json\/wp\/v2\/pages\/101\/revisions"}],"predecessor-version":[{"id":1175,"href":"https:\/\/obigies.be\/index.php\/wp-json\/wp\/v2\/pages\/101\/revisions\/1175"}],"up":[{"embeddable":true,"href":"https:\/\/obigies.be\/index.php\/wp-json\/wp\/v2\/pages\/61"}],"wp:attachment":[{"href":"https:\/\/obigies.be\/index.php\/wp-json\/wp\/v2\/media?parent=101"}],"curies":[{"name":"wp","href":"https:\/\/api.w.org\/{rel}","templated":true}]}}