{"id":227,"date":"2018-08-06T00:12:45","date_gmt":"2018-08-05T22:12:45","guid":{"rendered":"http:\/\/obigies.be\/?page_id=227"},"modified":"2025-07-28T16:38:14","modified_gmt":"2025-07-28T14:38:14","slug":"comite-des-jeunes","status":"publish","type":"page","link":"https:\/\/obigies.be\/index.php\/comite-des-jeunes\/","title":{"rendered":"Comit\u00e9 des Jeunes"},"content":{"rendered":"<ul>\n<li style=\"list-style-type: none;\">\n<ul>\n<li><strong>Pr\u00e9sident asbl Jeunes :<\/strong> <a href=\"https:\/\/obigies.be\/index.php\/staff\/jean-louis-debaes\/\">Jean-Louis Debaes<\/a><\/li>\n<li><strong>Responsable Technique de la Formation des Jeunes :<\/strong> <a href=\"https:\/\/obigies.be\/index.php\/staff\/thierry-colin\/\">Thierry Colin<\/a><\/li>\n<li><strong>Coordinateur U7 \u00e0 U11 : <\/strong><a href=\"https:\/\/obigies.be\/index.php\/staff\/gregory-colin\/\">Gr\u00e9gory Colin<\/a><\/li>\n<li><strong>Coordinateur U12 \u00e0 U14 : <\/strong><a href=\"https:\/\/obigies.be\/index.php\/staff\/geoffrey-sculier\/\">Geoffrey Sculier<\/a><\/li>\n<li><strong>Coordinateur U17 \u00e0 U19 :<\/strong> <a href=\"https:\/\/obigies.be\/index.php\/staff\/thierry-colin\/\">Thierry Colin<\/a><\/li>\n<li><strong>Correspondant qualifi\u00e9 + Responsable accidents :<\/strong> <a href=\"https:\/\/obigies.be\/index.php\/staff\/jean-hennart\/\">Jean Hennart<\/a><\/li>\n<li><strong>Secr\u00e9taire des jeunes :<\/strong> <a href=\"https:\/\/obigies.be\/index.php\/staff\/jean-louis-debaes\/\">Jean-Louis Debaes<\/a><\/li>\n<li><strong>Tr\u00e9sorier :<\/strong> <a href=\"https:\/\/obigies.be\/index.php\/staff\/frederic-deconinck\/\">Fr\u00e9d\u00e9ric Deconinck<\/a><\/li>\n<li><strong>Responsable \u00ab\u00a0Sites\u00a0\u00bb : <\/strong><a href=\"https:\/\/obigies.be\/index.php\/staff\/guillaume-ergo\/\">Guillaume Ergo <\/a>et <a href=\"https:\/\/obigies.be\/index.php\/staff\/florent-duquesne\/\">Florent Duquesne<\/a><\/li>\n<li><strong>Responsable Tournois : <\/strong><a href=\"https:\/\/obigies.be\/index.php\/staff\/nancy-miel\/\">Nancy Miel<\/a><\/li>\n<li><strong>Responsable buvettes :<\/strong> <a href=\"https:\/\/obigies.be\/index.php\/staff\/jean-pierre-quintart\/\">Jean-Pierre Quintart<\/a><\/li>\n<li><strong>Membre du comit\u00e9 : <\/strong><a href=\"https:\/\/obigies.be\/index.php\/staff\/pierre-tamigneau\/\">Pierre Tamigniau<\/a><\/li>\n<li><strong>Membre du Comit\u00e9 : <\/strong><a href=\"https:\/\/obigies.be\/index.php\/staff\/frederic-martin\/\">Fr\u00e9d\u00e9ric Martin<\/a><\/li>\n<li><strong>Membre du comit\u00e9 : <\/strong><a href=\"https:\/\/obigies.be\/index.php\/staff\/pierre-dorchy\/\">Pierre Dorchy<\/a><\/li>\n<li><strong>Membre du Comit\u00e9 : <\/strong><a href=\"https:\/\/obigies.be\/index.php\/staff\/eric-lemay\/\">Eric Lemay<\/a><\/li>\n<\/ul>\n<\/li>\n<\/ul>\n","protected":false},"excerpt":{"rendered":"<p>Pr\u00e9sident asbl Jeunes : Jean-Louis Debaes Responsable Technique de la Formation des Jeunes : Thierry Colin Coordinateur U7 \u00e0 U11 : Gr\u00e9gory Colin Coordinateur U12 \u00e0 U14 : Geoffrey Sculier Coordinateur U17 \u00e0 U19 : Thierry Colin Correspondant qualifi\u00e9 + Responsable accidents : Jean Hennart Secr\u00e9taire des jeunes : Jean-Louis Debaes Tr\u00e9sorier : Fr\u00e9d\u00e9ric Deconinck [&hellip;]<\/p>\n","protected":false},"author":1,"featured_media":0,"parent":0,"menu_order":0,"comment_status":"closed","ping_status":"closed","template":"page-templates\/full-width.php","meta":{"footnotes":""},"_links":{"self":[{"href":"https:\/\/obigies.be\/index.php\/wp-json\/wp\/v2\/pages\/227"}],"collection":[{"href":"https:\/\/obigies.be\/index.php\/wp-json\/wp\/v2\/pages"}],"about":[{"href":"https:\/\/obigies.be\/index.php\/wp-json\/wp\/v2\/types\/page"}],"author":[{"embeddable":true,"href":"https:\/\/obigies.be\/index.php\/wp-json\/wp\/v2\/users\/1"}],"replies":[{"embeddable":true,"href":"https:\/\/obigies.be\/index.php\/wp-json\/wp\/v2\/comments?post=227"}],"version-history":[{"count":47,"href":"https:\/\/obigies.be\/index.php\/wp-json\/wp\/v2\/pages\/227\/revisions"}],"predecessor-version":[{"id":1273,"href":"https:\/\/obigies.be\/index.php\/wp-json\/wp\/v2\/pages\/227\/revisions\/1273"}],"wp:attachment":[{"href":"https:\/\/obigies.be\/index.php\/wp-json\/wp\/v2\/media?parent=227"}],"curies":[{"name":"wp","href":"https:\/\/api.w.org\/{rel}","templated":true}]}}