{"id":256,"date":"2018-08-06T00:41:23","date_gmt":"2018-08-05T22:41:23","guid":{"rendered":"http:\/\/obigies.be\/?page_id=256"},"modified":"2018-08-06T00:41:23","modified_gmt":"2018-08-05T22:41:23","slug":"materiel-et-locaux","status":"publish","type":"page","link":"https:\/\/obigies.be\/index.php\/materiel-et-locaux\/","title":{"rendered":"Mat\u00e9riel et locaux"},"content":{"rendered":"<p>Chaque joueur est pri\u00e9 de respecter le mat\u00e9riel et les locaux mis \u00e0 sa disposition, que ce soit \u00e0 Obigies ou en d\u00e9placement.<br \/>\nAinsi, \u00e0 la fin de l\u2019entra\u00eenement, les joueurs, <strong>TOUS ENSEMBLE, RANGERONT LE MATERIEL<\/strong> ainsi que les buts sous le contr\u00f4le de leur entra\u00eeneur.\u00a0 Pour rappel, tout but amovible doit \u00eatre scell\u00e9 pour \u00eatre utilis\u00e9.\u00a0 On ne grimpe pas sur les filets des buts.<br \/>\nA la fin de l\u2019entra\u00eenement ou d\u2019une rencontre, les joueurs quitteront l\u2019enceinte du club en <strong>LAISSANT LES LIEUX PROPRES<\/strong> (ramasser les bouteilles, papiers, aussi bien sur le terrain que dans les vestiaires, utilisation des poubelles, &#8230;).<\/p>\n<p>Les chaussures de foot sont claqu\u00e9es \u00e0 l\u2019ext\u00e9rieur (et non dans les vestiaires) et sont lav\u00e9es \u00e0 la maison (et non dans les douches\u00a0!!!).<br \/>\n<strong>En aucun cas, on ne rentre dans la buvette avec ses chaussures de foot<\/strong>\u00a0!!!<\/p>\n","protected":false},"excerpt":{"rendered":"<p>Chaque joueur est pri\u00e9 de respecter le mat\u00e9riel et les locaux mis \u00e0 sa disposition, que ce soit \u00e0 Obigies ou en d\u00e9placement. Ainsi, \u00e0 la fin de l\u2019entra\u00eenement, les joueurs, TOUS ENSEMBLE, RANGERONT LE MATERIEL ainsi que les buts sous le contr\u00f4le de leur entra\u00eeneur.\u00a0 Pour rappel, tout but amovible doit \u00eatre scell\u00e9 pour [&hellip;]<\/p>\n","protected":false},"author":1,"featured_media":0,"parent":0,"menu_order":0,"comment_status":"closed","ping_status":"closed","template":"page-templates\/full-width.php","meta":{"footnotes":""},"_links":{"self":[{"href":"https:\/\/obigies.be\/index.php\/wp-json\/wp\/v2\/pages\/256"}],"collection":[{"href":"https:\/\/obigies.be\/index.php\/wp-json\/wp\/v2\/pages"}],"about":[{"href":"https:\/\/obigies.be\/index.php\/wp-json\/wp\/v2\/types\/page"}],"author":[{"embeddable":true,"href":"https:\/\/obigies.be\/index.php\/wp-json\/wp\/v2\/users\/1"}],"replies":[{"embeddable":true,"href":"https:\/\/obigies.be\/index.php\/wp-json\/wp\/v2\/comments?post=256"}],"version-history":[{"count":1,"href":"https:\/\/obigies.be\/index.php\/wp-json\/wp\/v2\/pages\/256\/revisions"}],"predecessor-version":[{"id":258,"href":"https:\/\/obigies.be\/index.php\/wp-json\/wp\/v2\/pages\/256\/revisions\/258"}],"wp:attachment":[{"href":"https:\/\/obigies.be\/index.php\/wp-json\/wp\/v2\/media?parent=256"}],"curies":[{"name":"wp","href":"https:\/\/api.w.org\/{rel}","templated":true}]}}