{"id":262,"date":"2018-08-06T00:44:05","date_gmt":"2018-08-05T22:44:05","guid":{"rendered":"http:\/\/obigies.be\/?page_id=262"},"modified":"2025-06-12T20:43:54","modified_gmt":"2025-06-12T18:43:54","slug":"cotisations","status":"publish","type":"page","link":"https:\/\/obigies.be\/index.php\/cotisations\/","title":{"rendered":"Cotisations"},"content":{"rendered":"<p>Pour la saison <strong>2025-2026<\/strong>, 2 formules de cotisation possible :<\/p>\n<ul>\n<li>\n<h2 class=\"xi81zsa x6u19be x1s688f x14z9mp x1lziwak xyorhqc x1anpbxc xexx8yu xyri2b x18d9i69 x1c1uobl xtvhhri\" dir=\"ltr\">Formule Mini Pack \u00e0 250 \u20ac<\/h2>\n<p class=\"xdj266r x14z9mp xat24cr x1lziwak x16tdsg8\" dir=\"ltr\">Pour le <b><strong class=\"x1s688f\">premier joueur<\/strong><\/b>, profitez d&rsquo;une cotisation \u00e0 <b><strong class=\"x1s688f\">250 \u20ac<\/strong><\/b>. Si d&rsquo;autres membres de la m\u00eame famille s&rsquo;inscrivent, ils b\u00e9n\u00e9ficieront d&rsquo;une r\u00e9duction de 50 \u20ac !<\/p>\n<p class=\"xdj266r x14z9mp xat24cr x1lziwak x16tdsg8\" dir=\"ltr\">Ce pack comprend :<\/p>\n<ul class=\"xdj266r x14z9mp xat24cr x1lziwak xexx8yu xyri2b x18d9i69 x1c1uobl xtaz4m5\">\n<li class=\"xzsf02u x1jchvi3 x1xmf6yo x1dqj196 x1e56ztr xvc51xn xhl9i11\" dir=\"ltr\" value=\"1\">La <b><strong class=\"x1s688f\">cotisation<\/strong><\/b> annuelle<\/li>\n<li class=\"xzsf02u x1jchvi3 x1xmf6yo x1dqj196 x1e56ztr xvc51xn xhl9i11\" dir=\"ltr\" value=\"2\">Le <b><strong class=\"x1s688f\">training<\/strong><\/b><\/li>\n<li class=\"xzsf02u x1jchvi3 x1xmf6yo x1dqj196 x1e56ztr xvc51xn xhl9i11\" dir=\"ltr\" value=\"3\">Une paire de <b><strong class=\"x1s688f\">chaussettes<\/strong><\/b><\/li>\n<li class=\"xzsf02u x1jchvi3 x1xmf6yo x1dqj196 x1e56ztr xvc51xn xhl9i11\" dir=\"ltr\" value=\"4\">Un <b><strong class=\"x1s688f\">short<\/strong><\/b><\/li>\n<\/ul>\n<p class=\"xdj266r x14z9mp xat24cr x1lziwak x16tdsg8\" dir=\"ltr\">De plus, le paiement est facilit\u00e9 : r\u00e9glez la <b><strong class=\"x1s688f\">moiti\u00e9 maintenant<\/strong><\/b> et l&rsquo;autre <b><strong class=\"x1s688f\">moiti\u00e9 en ao\u00fbt ou septembre<\/strong><\/b>.<\/p>\n<h2 class=\"xi81zsa x6u19be x1s688f x14z9mp x1lziwak xyorhqc x1anpbxc xexx8yu xyri2b x18d9i69 x1c1uobl xtvhhri\" dir=\"ltr\">Formule Maxi Pack \u00e0 300 \u20ac<\/h2>\n<p class=\"xdj266r x14z9mp xat24cr x1lziwak x16tdsg8\" dir=\"ltr\">Envie d&rsquo;un \u00e9quipement complet ? Optez pour le Maxi Pack \u00e0 <b><strong class=\"x1s688f\">300 \u20ac<\/strong><\/b> !<\/p>\n<p class=\"xdj266r x14z9mp xat24cr x1lziwak x16tdsg8\" dir=\"ltr\">Ce pack inclut :<\/p>\n<ul class=\"xdj266r x14z9mp xat24cr x1lziwak xexx8yu xyri2b x18d9i69 x1c1uobl xtaz4m5\">\n<li class=\"xzsf02u x1jchvi3 x1xmf6yo x1dqj196 x1e56ztr xvc51xn xhl9i11\" dir=\"ltr\" value=\"1\">La <b><strong class=\"x1s688f\">cotisation<\/strong><\/b> annuelle<\/li>\n<li class=\"xzsf02u x1jchvi3 x1xmf6yo x1dqj196 x1e56ztr xvc51xn xhl9i11\" dir=\"ltr\" value=\"2\">Le <b><strong class=\"x1s688f\">training<\/strong><\/b><\/li>\n<li class=\"xzsf02u x1jchvi3 x1xmf6yo x1dqj196 x1e56ztr xvc51xn xhl9i11\" dir=\"ltr\" value=\"3\">Un <b><strong class=\"x1s688f\">sac de sport (ou sac \u00e0 dos)<\/strong><\/b><\/li>\n<li class=\"xzsf02u x1jchvi3 x1xmf6yo x1dqj196 x1e56ztr xvc51xn xhl9i11\" dir=\"ltr\" value=\"4\">Une <b><strong class=\"x1s688f\">veste de pluie<\/strong><\/b><\/li>\n<li class=\"xzsf02u x1jchvi3 x1xmf6yo x1dqj196 x1e56ztr xvc51xn xhl9i11\" dir=\"ltr\" value=\"5\">Une paire de <b><strong class=\"x1s688f\">chaussettes<\/strong><\/b><\/li>\n<li class=\"xzsf02u x1jchvi3 x1xmf6yo x1dqj196 x1e56ztr xvc51xn xhl9i11\" dir=\"ltr\" value=\"6\">Un <b><strong class=\"x1s688f\">short<\/strong><\/b><\/li>\n<\/ul>\n<p class=\"xdj266r x14z9mp xat24cr x1lziwak x16tdsg8\" dir=\"ltr\">Si d&rsquo;autres membres de la m\u00eame famille s&rsquo;inscrivent, ils b\u00e9n\u00e9ficieront d&rsquo;une r\u00e9duction de 50 \u20ac !<\/p>\n<\/li>\n<\/ul>\n<p>Cette cotisation sert \u00e0 couvrir (partiellement) les frais d\u2019affiliation, d\u2019assurances, les frais de fonctionnement (eau, \u00e9lectricit\u00e9, chauffage, entretien des terrains, des infrastructures, &#8230;), les \u00e9quipements, &#8230;<\/p>\n<p>Pour les <strong>jeunes<\/strong>, la cotisation devra \u00eatre vers\u00e9e sur le compte n\u00b0 BE17 1030 3956 1621 (Code BIC : NICA BE BB) <strong><u>au plus tard pour le 15 septembre 2024.<\/u><\/strong><\/p>\n<p>Pour les <strong>adultes<\/strong>, la cotisation devra \u00eatre vers\u00e9e sur le compte n\u00b0 BE56 1031 0803 0988 (Code BIC : NICA BE BB) <strong><u>au plus tard pour le 15 septembre 2024.<\/u><\/strong><\/p>\n<p>A d\u00e9faut, le joueur ne pourra plus \u00eatre align\u00e9 en match \u00e0 partir de cette date.<\/p>\n<p>Cette cotisation comprend aussi 2 abonnements pour assister gratuitement \u00e0 tout match \u00e0 domicile de toutes nos \u00e9quipes (y compris P2, P3 Dames et P4).<\/p>\n<p>La plupart des mutuelles remboursent jusqu\u2019\u00e0 40 \u20ac par enfant pour une activit\u00e9 sportive. Pensez \u00e0 faire parvenir au secr\u00e9taire le formulaire \u00e0 remplir afin d\u2019obtenir ce remboursement.<\/p>\n<p>Pour \u00eatre transparent, un joueur nous co\u00fbte r\u00e9ellement 375 \u20ac :<\/p>\n<ul>\n<li>150 \u20ac vont pour les d\u00e9fraiements des T1, T2, entraineurs gardiens et autres coordinateurs<\/li>\n<li>30 \u20ac en inscription, assurances et amendes (cartes, etc.) \u00e0 l&rsquo;UB et \u00e0 l&rsquo;ACFF<\/li>\n<li>15 \u20ac en bas et en short<\/li>\n<li>45 \u20ac ou 90 \u20ac en v\u00eatements<\/li>\n<li>30 \u20ac en ballons, c\u00f4nes, buts, filets et autres mat\u00e9riel<\/li>\n<li>60 \u20ac en entretien de terrain et tra\u00e7age de ligne<\/li>\n<li>50 \u20ac en \u00e9lectricit\u00e9 et en eau<\/li>\n<li>40 \u20ac en d\u00e9fraiement b\u00e9n\u00e9voles, frais d&rsquo;entretien et r\u00e9parations de nos installations.<\/li>\n<\/ul>\n","protected":false},"excerpt":{"rendered":"<p>Pour la saison 2025-2026, 2 formules de cotisation possible : Formule Mini Pack \u00e0 250 \u20ac Pour le premier joueur, profitez d&rsquo;une cotisation \u00e0 250 \u20ac. Si d&rsquo;autres membres de la m\u00eame famille s&rsquo;inscrivent, ils b\u00e9n\u00e9ficieront d&rsquo;une r\u00e9duction de 50 \u20ac ! Ce pack comprend : La cotisation annuelle Le training Une paire de chaussettes [&hellip;]<\/p>\n","protected":false},"author":1,"featured_media":0,"parent":0,"menu_order":0,"comment_status":"closed","ping_status":"closed","template":"page-templates\/full-width.php","meta":{"footnotes":""},"_links":{"self":[{"href":"https:\/\/obigies.be\/index.php\/wp-json\/wp\/v2\/pages\/262"}],"collection":[{"href":"https:\/\/obigies.be\/index.php\/wp-json\/wp\/v2\/pages"}],"about":[{"href":"https:\/\/obigies.be\/index.php\/wp-json\/wp\/v2\/types\/page"}],"author":[{"embeddable":true,"href":"https:\/\/obigies.be\/index.php\/wp-json\/wp\/v2\/users\/1"}],"replies":[{"embeddable":true,"href":"https:\/\/obigies.be\/index.php\/wp-json\/wp\/v2\/comments?post=262"}],"version-history":[{"count":20,"href":"https:\/\/obigies.be\/index.php\/wp-json\/wp\/v2\/pages\/262\/revisions"}],"predecessor-version":[{"id":1246,"href":"https:\/\/obigies.be\/index.php\/wp-json\/wp\/v2\/pages\/262\/revisions\/1246"}],"wp:attachment":[{"href":"https:\/\/obigies.be\/index.php\/wp-json\/wp\/v2\/media?parent=262"}],"curies":[{"name":"wp","href":"https:\/\/api.w.org\/{rel}","templated":true}]}}